l = 42 + -7. What is the remainder when 137 is divided by l?
32
Let a = -59 + 91. What is the remainder when a is divided by 22?
10
What is the remainder when 40 is divided by (-21)/(-4)*144/54?
12
Suppose -44 + 94 = 5*m. Let v = -26 + 44. Calculate the remainder when v is divided by m.
8
Let a(u) = 3*u**3 + 1 - u + u**3 + 7*u**2 - 3*u**3 - 3. Calculate the remainder when 14 is divided by a(-7).
4
Suppose 3*k - 3*a - 111 = 0, -5*k + 0*k = 2*a - 171. Calculate the remainder when k is divided by 19.
16
Let v(l) = l**2 + 9*l + 5. Calculate the remainder when v(-13) is divided by 29.
28
Let v be -4*(-1 - (-1)/2). Let b(f) = -2*f - 2 + f + 0*f + f**v. Calculate the remainder when 7 is divided by b(3).
3
Let c = -2 + 7. Suppose -4*a + 2*b = -48, c*a = 2*a + 4*b + 31. Let l(q) = -q**3 + 6*q**2 - 2*q - 1. What is the remainder when l(4) is divided by a?
10
Let k(h) = 2*h - 4. Let x = 21 + -32. Let f = 34 + x. What is the remainder when f is divided by k(6)?
7
Suppose -7*n = -9*n + 10. Calculate the remainder when 18 is divided by n.
3
Suppose -4*n - 2*l + 248 = 0, 3*n + 3*l = -2*l + 186. Let s be (-2)/(2/41) - 0. Let x = n + s. Calculate the remainder when 41 is divided by x.
20
Suppose 0 = -2*t - 77 + 737. Suppose -3*c = 2*c - t. Suppose 0 = -3*o - 2*z + 84, -3*o - 5*z + c = -18. Calculate the remainder when o is divided by 10.
8
Let o(t) = -t**3 + 38*t**2 - 2*t + 81. Calculate the remainder when (26/8)/(3/12) is divided by o(38).
3
Suppose 0 = 4*z - 30 - 54. Let j = z + -3. What is the remainder when 51 is divided by j?
15
Suppose -5*z + 13 = 4*n - n, 0 = -2*n - 3*z + 10. Let k(f) = 3*f**3 - f + 1. What is the remainder when n is divided by k(1)?
2
Let d be (-6)/21 - (-18)/14. Let q = 8 + d. What is the remainder when q is divided by 5?
4
Let t(b) = b**3 - 3*b**2 - 5*b + 1. Let z be t(5). Let s = z - 13. Let h(c) = c**3 - 12*c**2 + 4*c - 12. Calculate the remainder when h(12) is divided by s.
10
Let v = 3 - -4. Let g(k) = -16*k - 10. Let z(d) = 3*d + 2. Let j(l) = 2*g(l) + 11*z(l). Calculate the remainder when j(v) is divided by 5.
4
Let i(c) = -c**2 + 12*c - 7. Let r be i(11). Suppose r*g = 5*g - 8. What is the remainder when g is divided by 5?
3
Let p(y) be the third derivative of -7*y**4/12 - y**2. Suppose -2*m = f - 33, 0*f + 24 = m + 3*f. What is the remainder when p(-2) is divided by m?
13
Let y(n) = n**2 - 2*n + 3. Calculate the remainder when y(-4) is divided by 7.
6
Let j(k) = -7*k - 4. Let a(w) be the second derivative of -w**3/6 - w**2/2 - 3*w. Let p(x) = 5*a(x) - j(x). Calculate the remainder when 19 is divided by p(6).
8
Suppose 4*d = 5*p + 157, -3*d - 3*p = -p - 135. Let i(f) = 1. Let q(u) = -3*u - 5. Let w(y) = -6*i(y) - q(y). What is the remainder when d is divided by w(4)?
10
Let n(j) = j**3 + 8*j**2 - 7*j + 29. Suppose -v + 40 = v. Calculate the remainder when v is divided by n(-9).
9
Suppose -6*f - 56 + 830 = 0. Suppose 4*h - 5*h = -33. Calculate the remainder when f is divided by h.
30
Suppose 4*y - 6 = y, k - 4 = -y. What is the remainder when 5 is divided by k?
1
Let u(y) = -y + 12. Let x = 16 + -11. Calculate the remainder when u(6) is divided by x.
1
Let t(z) = -4*z**2 + 5 + 0 + 3 + 3*z**2 - 6*z. Calculate the remainder when t(-6) is divided by 3.
2
Let c(d) = 3*d + 8 - 2 + 1 - 1 + d**2. What is the remainder when 29 is divided by c(-5)?
13
Suppose 0*f = f + 9. Let s = f - -39. Calculate the remainder when s is divided by 8.
6
Suppose 3*p - 31 = 4*r, 4*p - r + 38 - 101 = 0. Calculate the remainder when 63 is divided by p.
12
Suppose 4*l - 13 = 15. What is the remainder when 25 is divided by l?
4
Suppose -4*w + 4 + 4 = 0. Suppose -q + 18 = w*q. Let a = 10 - q. Calculate the remainder when a is divided by 3.
1
Suppose f - 5*z - 59 = 0, 2*z - 204 = -3*f - 44. Suppose -g - 19 = -a - 2*g, 0 = -5*a - g + 75. What is the remainder when f is divided by a?
12
Let v(i) = 3*i + 11. Let r(k) = k + 1. Let u(q) = -2*r(q) + v(q). Calculate the remainder when 16 is divided by u(0).
7
Let h(w) = w**3 + 7*w**2 - 8*w + 15. Calculate the remainder when h(-7) is divided by 37.
34
Let m be (2 - -3)*36/1. Suppose -2*s = 3*s - m. What is the remainder when s is divided by 19?
17
Suppose 2*v - 3*m = 12, -5*v - 2*m + 7 = -4. Suppose 0 = -v*w + 29 + 40. What is the remainder when 112 is divided by w?
20
Suppose -8*z + 14 = -34. What is the remainder when 34 is divided by z?
4
Let p(v) = -7*v - 4. Calculate the remainder when p(-6) is divided by 1/2*52/2.
12
What is the remainder when 14 is divided by 55/5 + (-2 - 0)?
5
Let l = -91 - -136. Calculate the remainder when l is divided by 12.
9
Suppose -4*j + 25 = a, 5*j + 3*a = -0*a + 26. Let p = j - 4. Suppose p*y + 3*v - 111 = 0, 3*v + v = -16. Calculate the remainder when y is divided by 14.
13
Suppose 0 = -i + 3*i - 30. What is the remainder when 43 is divided by i?
13
Let n(b) = 2*b**2 + b + 6. Calculate the remainder when n(0) is divided by 5.
1
Suppose -4*r = 2*y, -3*y - r - 3*r + 2 = 0. Suppose -t = y*v + 22 - 60, 0 = -4*t - 5*v + 167. What is the remainder when t is divided by 25?
23
Let y(d) = d**3 - 4*d**2 + 3*d + 3. Let c be y(3). Suppose -5*f + 13 = 3*s - f, c*f = 4*s - 59. Calculate the remainder when s is divided by 4.
3
Calculate the remainder when (-1)/(-2) - 2/(-4)*35 is divided by 10.
8
Let q(v) = -v**3 + 14*v**2 - 10*v - 8. Suppose p - 4 = 1. Suppose -2*l + 27 = 5*j, -p*l + 39 = 2*j - 18. Calculate the remainder when q(13) is divided by l.
9
Suppose 2*r + 3*r = 55. Let c(o) = 3*o + 7. Calculate the remainder when c(r) is divided by 14.
12
Let c(t) = 10 + 91*t + 98*t - 4 - 190*t. Let p be 9/6*2*1. What is the remainder when 3 is divided by c(p)?
0
What is the remainder when 12 is divided by (-46)/(-6) + (-14)/(-42)?
4
Suppose 344 = 5*g - 3*p, 0 = 4*g + 5*p - 2*p - 286. Calculate the remainder when g is divided by 24.
22
Suppose 5*w - 119 = s, 6*w - 135 = w + 5*s. What is the remainder when w is divided by 12?
11
Calculate the remainder when (-3)/((-12)/(-160))*-1 is divided by 7.
5
Let y = -8 - -13. Suppose -x + 4*k = -3*x - 8, 0 = -y*x - 4*k - 2. Suppose x*a = -0*a + 16. Calculate the remainder when 23 is divided by a.
7
Suppose 0 = 4*n + 2*u - 6*u - 572, u - 745 = -5*n. Calculate the remainder when n is divided by 30.
28
Suppose 4*r - 46 = -6. Suppose 0 = 2*l - 5*l - 9. Let d = 7 + l. What is the remainder when r is divided by d?
2
Suppose -107 - 149 = -4*x. What is the remainder when x is divided by 22?
20
Let b = 41 + -27. Calculate the remainder when 53 is divided by b.
11
Let s(g) = -g**2 - 9*g - 3. Suppose 33 = -5*t - 5*n - 22, 0 = -4*t + 3*n - 16. What is the remainder when 43 is divided by s(t)?
10
Let n(s) = -s**2 + 12*s + 2. Let j be 120/(-9) + (-2)/(-6). Let h = -7 - j. Calculate the remainder when n(h) is divided by 13.
12
Let q(v) = -v + 11. Let z be q(5). Let o be -28 + (-1 - 2) + z. Let r = -14 - o. Calculate the remainder when 42 is divided by r.
9
Calculate the remainder when 18/48 + (-78)/16*-3 is divided by 4/6 - 32/(-6).
3
Let s be (6 - 2 - -2) + -2. Suppose -s*w + 7 = -29. Suppose y - 3*y = -34. Calculate the remainder when y is divided by w.
8
Let k(j) = j**2 + 6*j + 6. What is the remainder when 16 is divided by k(-6)?
4
Suppose 4*w = d - 48, -5*d + 2*w + 204 = -0*w. Calculate the remainder when d is divided by 21.
19
Suppose 0 = -5*u + 3*z + 10, 3*u + 0*u = 2*z + 6. Suppose 3*m - 9 = -2*t - 2, 0 = u*t - m - 19. Calculate the remainder when 23 is divided by t.
7
Let b be ((-2)/3)/(6/279). Let f = b + 46. Let g = 76 + -32. What is the remainder when g is divided by f?
14
Suppose 0 = j - 0*j - 4*m - 28, 0 = -5*j + 5*m + 65. What is the remainder when 23 is divided by j?
7
Let q = -50 + 25. Let f = -9 - q. Calculate the remainder when f is divided by 6.
4
What is the remainder when 25 is divided by (-2)/6*(1 - 22)?
4
Let h(o) = 2*o - 9. Let s = 11 + -6. Let u = s + 1. What is the remainder when 8 is divided by h(u)?
2
Let d(g) = -g**2 + 8*g + 4. What is the remainder when 6 is divided by d(8)?
2
Let v = 2 + 1. Let a be -1 + (v - 3) + 6. Suppose 2*g - a = 9. Calculate the remainder when g is divided by 3.
1
What is the remainder when 9 is divided by (-285)/(-90) - (-2)/(-12)?
0
Let u = 86 + -63. Calculate the remainder when 64 is divided by u.
18
Let z be ((-2)/(-